{"id":3151,"date":"2026-03-22T22:51:39","date_gmt":"2026-03-22T21:51:39","guid":{"rendered":"https:\/\/kominstal.cz\/domains\/kominstal.cz\/?page_id=3151"},"modified":"2026-03-22T22:56:32","modified_gmt":"2026-03-22T21:56:32","slug":"ochrana-osobnich-udaju","status":"publish","type":"page","link":"https:\/\/kominstal.cz\/domains\/kominstal.cz\/ochrana-osobnich-udaju\/","title":{"rendered":"Ochrana osobn\u00edch \u00fadaj\u016f"},"content":{"rendered":"\t\t<div data-elementor-type=\"wp-page\" data-elementor-id=\"3151\" class=\"elementor elementor-3151\" data-elementor-post-type=\"page\">\n\t\t\t\t<div class=\"elementor-element elementor-element-19f5605 e-flex e-con-boxed e-con e-parent\" data-id=\"19f5605\" data-element_type=\"container\" data-e-type=\"container\">\n\t\t\t\t\t<div class=\"e-con-inner\">\n\t\t\t\t<div class=\"elementor-element elementor-element-23cc1b6 elementor-widget elementor-widget-text-editor\" data-id=\"23cc1b6\" data-element_type=\"widget\" data-e-type=\"widget\" data-widget_type=\"text-editor.default\">\n\t\t\t\t\t\t\t\t\t<h1>Ochrana osobn\u00edch \u00fadaj\u016f (GDPR)<\/h1>\n<h2>1. Spr\u00e1vce osobn\u00edch \u00fadaj\u016f<\/h2>\n<p>Spr\u00e1vcem osobn\u00edch \u00fadaj\u016f je:<br><b>Kominstal kominictv\u00ed s.r.o.<\/b><br>S\u00eddlo:&nbsp;<span style=\"color: rgb(255, 255, 255); font-family: Montserrat, sans-serif; font-size: 15px;\">Dobrovsk\u00e9ho 1836\/32, Prost\u011bjov 796 01<\/span><br>I\u010c: <b>09307974<\/b><br>E-mail:&nbsp;<a href=\"mailto:kominictvinenal@gmail.com\" style=\"background-color: rgb(4, 7, 17); color: rgb(239, 127, 26); font-family: Montserrat, sans-serif; font-size: 15px;\">kominictvinenal@gmail.com<\/a><br>Telefon:&nbsp;<a href=\"tel:+420731959309\" style=\"background-color: rgb(4, 7, 17); color: rgb(239, 127, 26); font-family: Montserrat, sans-serif; font-size: 15px;\">+420 731 959 309<\/a><\/p>\n<p>(d\u00e1le jen \u201espr\u00e1vce\u201c)<\/p>\n<hr>\n<h2>2. Jak\u00e9 \u00fadaje zpracov\u00e1v\u00e1me<\/h2>\n<p>Zpracov\u00e1v\u00e1me pouze \u00fadaje, kter\u00e9 n\u00e1m sami poskytnete, nap\u0159.:<\/p>\n<ul>\n<li>\n<p>jm\u00e9no a p\u0159\u00edjmen\u00ed<\/p>\n<\/li>\n<li>\n<p>e-mail<\/p>\n<\/li>\n<li>\n<p>telefon<\/p>\n<\/li>\n<li>\n<p>obsah zpr\u00e1vy (nap\u0159. z kontaktn\u00edho formul\u00e1\u0159e)<\/p>\n<\/li>\n<\/ul>\n<hr>\n<h2>3. \u00da\u010del zpracov\u00e1n\u00ed<\/h2>\n<p>Va\u0161e osobn\u00ed \u00fadaje zpracov\u00e1v\u00e1me za \u00fa\u010delem:<\/p>\n<ul>\n<li>\n<p>vy\u0159\u00edzen\u00ed popt\u00e1vky nebo dotazu<\/p>\n<\/li>\n<li>\n<p>komunikace se z\u00e1kazn\u00edkem<\/p>\n<\/li>\n<li>\n<p>pln\u011bn\u00ed smlouvy<\/p>\n<\/li>\n<\/ul>\n<hr>\n<h2>4. Pr\u00e1vn\u00ed z\u00e1klad zpracov\u00e1n\u00ed<\/h2>\n<p>Zpracov\u00e1n\u00ed prob\u00edh\u00e1 na z\u00e1klad\u011b:<\/p>\n<ul>\n<li>\n<p>pln\u011bn\u00ed smlouvy<\/p>\n<\/li>\n<li>\n<p>opr\u00e1vn\u011bn\u00e9ho z\u00e1jmu (odpov\u011b\u010f na dotaz)<\/p>\n<\/li>\n<li>\n<p>p\u0159\u00edpadn\u011b souhlasu (nap\u0159. marketing)<\/p>\n<\/li>\n<\/ul>\n<hr>\n<h2>5. Doba uchov\u00e1n\u00ed \u00fadaj\u016f<\/h2>\n<p>Osobn\u00ed \u00fadaje uchov\u00e1v\u00e1me:<\/p>\n<ul>\n<li>\n<p>po dobu nezbytn\u011b nutnou k vy\u0159\u00edzen\u00ed dotazu<\/p>\n<\/li>\n<li>\n<p>nebo po dobu trv\u00e1n\u00ed smluvn\u00edho vztahu<\/p>\n<\/li>\n<li>\n<p>p\u0159\u00edpadn\u011b dle z\u00e1konn\u00fdch povinnost\u00ed<\/p>\n<\/li>\n<\/ul>\n<hr>\n<h2>6. P\u0159ed\u00e1v\u00e1n\u00ed \u00fadaj\u016f t\u0159et\u00edm stran\u00e1m<\/h2>\n<p>Osobn\u00ed \u00fadaje nep\u0159ed\u00e1v\u00e1me t\u0159et\u00edm stran\u00e1m,<br>s v\u00fdjimkou:<\/p>\n<ul>\n<li>\n<p>poskytovatel\u016f IT slu\u017eeb a hostingu<\/p>\n<\/li>\n<li>\n<p>z\u00e1konn\u00fdch povinnost\u00ed<\/p>\n<\/li>\n<\/ul>\n<hr>\n<h2>7. Va\u0161e pr\u00e1va<\/h2>\n<p>M\u00e1te pr\u00e1vo:<\/p>\n<ul>\n<li>\n<p>na p\u0159\u00edstup ke sv\u00fdm \u00fadaj\u016fm<\/p>\n<\/li>\n<li>\n<p>na opravu<\/p>\n<\/li>\n<li>\n<p>na v\u00fdmaz (\u201epr\u00e1vo b\u00fdt zapomenut\u201c)<\/p>\n<\/li>\n<li>\n<p>na omezen\u00ed zpracov\u00e1n\u00ed<\/p>\n<\/li>\n<li>\n<p>vzn\u00e9st n\u00e1mitku<\/p>\n<\/li>\n<li>\n<p>podat st\u00ed\u017enost u \u00da\u0159adu pro ochranu osobn\u00edch \u00fadaj\u016f<\/p>\n<\/li>\n<\/ul>\n<hr>\n<h2>8. Zabezpe\u010den\u00ed \u00fadaj\u016f<\/h2>\n<p>Va\u0161e \u00fadaje chr\u00e1n\u00edme pomoc\u00ed technick\u00fdch a organiza\u010dn\u00edch opat\u0159en\u00ed proti zneu\u017eit\u00ed.<\/p>\n<hr>\n<h2>9. Cookies<\/h2>\n<p>Web m\u016f\u017ee pou\u017e\u00edvat cookies pro:<\/p>\n<ul>\n<li>\n<p>z\u00e1kladn\u00ed funk\u010dnost webu<\/p>\n<\/li>\n<li>\n<p>analytiku (nap\u0159. Google Analytics)<\/p>\n<\/li>\n<\/ul>\n<p>Pou\u017e\u00edv\u00e1n\u00ed cookies m\u016f\u017eete upravit ve sv\u00e9m prohl\u00ed\u017ee\u010di.<\/p>\n<hr>\n<h2>10. Kontakt<\/h2>\n<p>V p\u0159\u00edpad\u011b dotaz\u016f n\u00e1s kontaktujte na:<br><a href=\"mailto:kominictvinenal@gmail.com\" style=\"background-color: rgb(4, 7, 17); color: rgb(239, 127, 26); font-family: Montserrat, sans-serif; font-size: 15px;\">kominictvinenal@gmail.com<\/a><\/p>\t\t\t\t\t\t\t\t<\/div>\n\t\t\t\t\t<\/div>\n\t\t\t\t<\/div>\n\t\t\t\t<\/div>\n\t\t","protected":false},"excerpt":{"rendered":"<p>Ochrana osobn\u00edch \u00fadaj\u016f (GDPR) 1. Spr\u00e1vce osobn\u00edch \u00fadaj\u016f Spr\u00e1vcem osobn\u00edch \u00fadaj\u016f je: Kominstal kominictv\u00ed s.r.o. S\u00eddlo:\u00a0Dobrovsk\u00e9ho 1836\/32, Prost\u011bjov 796 01 I\u010c: 09307974 E-mail:\u00a0kominictvinenal@gmail.com Telefon:\u00a0+420 731 959 309 (d\u00e1le jen \u201espr\u00e1vce\u201c) 2. Jak\u00e9 \u00fadaje zpracov\u00e1v\u00e1me Zpracov\u00e1v\u00e1me pouze \u00fadaje, kter\u00e9 n\u00e1m sami poskytnete, nap\u0159.: jm\u00e9no a p\u0159\u00edjmen\u00ed e-mail telefon obsah zpr\u00e1vy (nap\u0159. z kontaktn\u00edho formul\u00e1\u0159e) 3. \u00da\u010del [&hellip;]<\/p>\n","protected":false},"author":1,"featured_media":0,"parent":0,"menu_order":0,"comment_status":"closed","ping_status":"closed","template":"elementor_header_footer","meta":{"footnotes":""},"class_list":["post-3151","page","type-page","status-publish","hentry"],"_links":{"self":[{"href":"https:\/\/kominstal.cz\/domains\/kominstal.cz\/wp-json\/wp\/v2\/pages\/3151","targetHints":{"allow":["GET"]}}],"collection":[{"href":"https:\/\/kominstal.cz\/domains\/kominstal.cz\/wp-json\/wp\/v2\/pages"}],"about":[{"href":"https:\/\/kominstal.cz\/domains\/kominstal.cz\/wp-json\/wp\/v2\/types\/page"}],"author":[{"embeddable":true,"href":"https:\/\/kominstal.cz\/domains\/kominstal.cz\/wp-json\/wp\/v2\/users\/1"}],"replies":[{"embeddable":true,"href":"https:\/\/kominstal.cz\/domains\/kominstal.cz\/wp-json\/wp\/v2\/comments?post=3151"}],"version-history":[{"count":5,"href":"https:\/\/kominstal.cz\/domains\/kominstal.cz\/wp-json\/wp\/v2\/pages\/3151\/revisions"}],"predecessor-version":[{"id":3156,"href":"https:\/\/kominstal.cz\/domains\/kominstal.cz\/wp-json\/wp\/v2\/pages\/3151\/revisions\/3156"}],"wp:attachment":[{"href":"https:\/\/kominstal.cz\/domains\/kominstal.cz\/wp-json\/wp\/v2\/media?parent=3151"}],"curies":[{"name":"wp","href":"https:\/\/api.w.org\/{rel}","templated":true}]}}