{"id":2703,"date":"2026-02-23T11:57:52","date_gmt":"2026-02-23T10:57:52","guid":{"rendered":"https:\/\/kominstal.webprotebe.com\/kominstal\/?page_id=2703"},"modified":"2026-03-22T18:14:02","modified_gmt":"2026-03-22T17:14:02","slug":"prostupy","status":"publish","type":"page","link":"https:\/\/kominstal.cz\/domains\/kominstal.cz\/prostupy\/","title":{"rendered":"Prostupy"},"content":{"rendered":"\t\t<div data-elementor-type=\"wp-page\" data-elementor-id=\"2703\" class=\"elementor elementor-2703\" data-elementor-post-type=\"page\">\n\t\t\t\t<div class=\"elementor-element elementor-element-796b8d7c e-con-full e-flex e-con e-parent\" data-id=\"796b8d7c\" data-element_type=\"container\" data-e-type=\"container\">\n\t\t<div class=\"elementor-element elementor-element-14045b57 e-con-full e-flex e-con e-child\" data-id=\"14045b57\" data-element_type=\"container\" data-e-type=\"container\" data-settings=\"{&quot;background_background&quot;:&quot;classic&quot;}\">\n\t\t<div class=\"elementor-element elementor-element-36ddceb2 e-con-full e-flex e-con e-child\" data-id=\"36ddceb2\" data-element_type=\"container\" data-e-type=\"container\" data-settings=\"{&quot;background_background&quot;:&quot;classic&quot;}\">\n\t\t\t\t<div class=\"elementor-element elementor-element-358e56cb equal-btn elementor-align-justify elementor-widget elementor-widget-button\" data-id=\"358e56cb\" data-element_type=\"widget\" data-e-type=\"widget\" data-widget_type=\"button.default\">\n\t\t\t\t\t\t\t\t\t\t<a class=\"elementor-button elementor-button-link elementor-size-sm\" href=\"https:\/\/kominstal.cz\/domains\/kominstal.cz\/frezovani-kominu\/\">\n\t\t\t\t\t\t<span class=\"elementor-button-content-wrapper\">\n\t\t\t\t\t\t\t\t\t<span class=\"elementor-button-text\">Fr\u00e9zov\u00e1n\u00ed kom\u00edn\u016f<\/span>\n\t\t\t\t\t<\/span>\n\t\t\t\t\t<\/a>\n\t\t\t\t\t\t\t\t<\/div>\n\t\t\t\t<\/div>\n\t\t<div class=\"elementor-element elementor-element-202f1b70 e-con-full e-flex e-con e-child\" data-id=\"202f1b70\" data-element_type=\"container\" data-e-type=\"container\" data-settings=\"{&quot;background_background&quot;:&quot;classic&quot;}\">\n\t\t\t\t<div class=\"elementor-element elementor-element-767b6af7 elementor-align-justify elementor-widget elementor-widget-button\" data-id=\"767b6af7\" data-element_type=\"widget\" data-e-type=\"widget\" data-widget_type=\"button.default\">\n\t\t\t\t\t\t\t\t\t\t<a class=\"elementor-button elementor-button-link elementor-size-sm\" href=\"https:\/\/kominstal.cz\/domains\/kominstal.cz\/vnitrni-kominy\/\">\n\t\t\t\t\t\t<span class=\"elementor-button-content-wrapper\">\n\t\t\t\t\t\t\t\t\t<span class=\"elementor-button-text\">Vlo\u017ekov\u00e1n\u00ed kom\u00edn\u016f<\/span>\n\t\t\t\t\t<\/span>\n\t\t\t\t\t<\/a>\n\t\t\t\t\t\t\t\t<\/div>\n\t\t\t\t<\/div>\n\t\t<div class=\"elementor-element elementor-element-16ca4e8b e-con-full e-flex e-con e-child\" data-id=\"16ca4e8b\" data-element_type=\"container\" data-e-type=\"container\" data-settings=\"{&quot;background_background&quot;:&quot;classic&quot;}\">\n\t\t\t\t<div class=\"elementor-element elementor-element-130e5fd7 elementor-align-justify elementor-widget elementor-widget-button\" data-id=\"130e5fd7\" data-element_type=\"widget\" data-e-type=\"widget\" data-widget_type=\"button.default\">\n\t\t\t\t\t\t\t\t\t\t<a class=\"elementor-button elementor-button-link elementor-size-sm\" href=\"https:\/\/kominstal.cz\/domains\/kominstal.cz\/fasadni-kominy\/\">\n\t\t\t\t\t\t<span class=\"elementor-button-content-wrapper\">\n\t\t\t\t\t\t\t\t\t<span class=\"elementor-button-text\">Nerezov\u00e9 fas\u00e1dn\u00ed kom\u00edny<\/span>\n\t\t\t\t\t<\/span>\n\t\t\t\t\t<\/a>\n\t\t\t\t\t\t\t\t<\/div>\n\t\t\t\t<\/div>\n\t\t<div class=\"elementor-element elementor-element-3d17cd72 e-con-full e-flex e-con e-child\" data-id=\"3d17cd72\" data-element_type=\"container\" data-e-type=\"container\" data-settings=\"{&quot;background_background&quot;:&quot;classic&quot;}\">\n\t\t\t\t<div class=\"elementor-element elementor-element-303caca4 elementor-align-justify elementor-widget elementor-widget-button\" data-id=\"303caca4\" data-element_type=\"widget\" data-e-type=\"widget\" data-widget_type=\"button.default\">\n\t\t\t\t\t\t\t\t\t\t<a class=\"elementor-button elementor-button-link elementor-size-sm\" href=\"https:\/\/kominstal.cz\/domains\/kominstal.cz\/vnitrni-kominy\/\">\n\t\t\t\t\t\t<span class=\"elementor-button-content-wrapper\">\n\t\t\t\t\t\t\t\t\t<span class=\"elementor-button-text\">Nerezov\u00e9 vnit\u0159n\u00ed kom\u00edny<\/span>\n\t\t\t\t\t<\/span>\n\t\t\t\t\t<\/a>\n\t\t\t\t\t\t\t\t<\/div>\n\t\t\t\t<\/div>\n\t\t<div class=\"elementor-element elementor-element-61ac92e0 e-con-full e-flex e-con e-child\" data-id=\"61ac92e0\" data-element_type=\"container\" data-e-type=\"container\" data-settings=\"{&quot;background_background&quot;:&quot;classic&quot;}\">\n\t\t\t\t<div class=\"elementor-element elementor-element-338e9351 elementor-align-justify elementor-widget elementor-widget-button\" data-id=\"338e9351\" data-element_type=\"widget\" data-e-type=\"widget\" data-widget_type=\"button.default\">\n\t\t\t\t\t\t\t\t\t\t<a class=\"elementor-button elementor-button-link elementor-size-sm\" href=\"https:\/\/kominstal.cz\/domains\/kominstal.cz\/svisle-kourovody-s-funkci-komina\/\">\n\t\t\t\t\t\t<span class=\"elementor-button-content-wrapper\">\n\t\t\t\t\t\t\t\t\t<span class=\"elementor-button-text\"> Svisl\u00e9 kou\u0159ovody s funkc\u00ed kom\u00edna<\/span>\n\t\t\t\t\t<\/span>\n\t\t\t\t\t<\/a>\n\t\t\t\t\t\t\t\t<\/div>\n\t\t\t\t<\/div>\n\t\t<div class=\"elementor-element elementor-element-2913f0e e-con-full e-flex e-con e-child\" data-id=\"2913f0e\" data-element_type=\"container\" data-e-type=\"container\" data-settings=\"{&quot;background_background&quot;:&quot;classic&quot;}\">\n\t\t\t\t<div class=\"elementor-element elementor-element-ee4bd68 elementor-align-justify elementor-widget elementor-widget-button\" data-id=\"ee4bd68\" data-element_type=\"widget\" data-e-type=\"widget\" data-widget_type=\"button.default\">\n\t\t\t\t\t\t\t\t\t\t<a class=\"elementor-button elementor-button-link elementor-size-sm\" href=\"https:\/\/kominstal.cz\/domains\/kominstal.cz\/odkoureni-pro-kondenzacni-kotle\/\">\n\t\t\t\t\t\t<span class=\"elementor-button-content-wrapper\">\n\t\t\t\t\t\t\t\t\t<span class=\"elementor-button-text\">Odkou\u0159en\u00ed pro kondeza\u010dn\u00ed kotle<\/span>\n\t\t\t\t\t<\/span>\n\t\t\t\t\t<\/a>\n\t\t\t\t\t\t\t\t<\/div>\n\t\t\t\t<\/div>\n\t\t<div class=\"elementor-element elementor-element-1594d618 e-con-full e-flex e-con e-child\" data-id=\"1594d618\" data-element_type=\"container\" data-e-type=\"container\" data-settings=\"{&quot;background_background&quot;:&quot;classic&quot;}\">\n\t\t\t\t<div class=\"elementor-element elementor-element-37a86edd elementor-align-justify elementor-widget elementor-widget-button\" data-id=\"37a86edd\" data-element_type=\"widget\" data-e-type=\"widget\" data-widget_type=\"button.default\">\n\t\t\t\t\t\t\t\t\t\t<a class=\"elementor-button elementor-button-link elementor-size-sm\" href=\"https:\/\/kominstal.cz\/domains\/kominstal.cz\/kominove-nastavce\/\">\n\t\t\t\t\t\t<span class=\"elementor-button-content-wrapper\">\n\t\t\t\t\t\t\t\t\t<span class=\"elementor-button-text\">Kom\u00ednov\u00e9 n\u00e1stavce<\/span>\n\t\t\t\t\t<\/span>\n\t\t\t\t\t<\/a>\n\t\t\t\t\t\t\t\t<\/div>\n\t\t\t\t<\/div>\n\t\t<div class=\"elementor-element elementor-element-6a5755c1 e-con-full e-flex e-con e-child\" data-id=\"6a5755c1\" data-element_type=\"container\" data-e-type=\"container\" data-settings=\"{&quot;background_background&quot;:&quot;classic&quot;}\">\n\t\t\t\t<div class=\"elementor-element elementor-element-4f28aa85 elementor-align-justify elementor-widget elementor-widget-button\" data-id=\"4f28aa85\" data-element_type=\"widget\" data-e-type=\"widget\" data-widget_type=\"button.default\">\n\t\t\t\t\t\t\t\t\t\t<a class=\"elementor-button elementor-button-link elementor-size-sm\" href=\"https:\/\/kominstal.cz\/domains\/kominstal.cz\/kurovody\/\">\n\t\t\t\t\t\t<span class=\"elementor-button-content-wrapper\">\n\t\t\t\t\t\t\t\t\t<span class=\"elementor-button-text\">Kou\u0159ovody<\/span>\n\t\t\t\t\t<\/span>\n\t\t\t\t\t<\/a>\n\t\t\t\t\t\t\t\t<\/div>\n\t\t\t\t<\/div>\n\t\t<div class=\"elementor-element elementor-element-32a4490b e-con-full e-flex e-con e-child\" data-id=\"32a4490b\" data-element_type=\"container\" data-e-type=\"container\" data-settings=\"{&quot;background_background&quot;:&quot;classic&quot;}\">\n\t\t\t\t<div class=\"elementor-element elementor-element-4bd604e2 elementor-align-justify elementor-widget elementor-widget-button\" data-id=\"4bd604e2\" data-element_type=\"widget\" data-e-type=\"widget\" data-widget_type=\"button.default\">\n\t\t\t\t\t\t\t\t\t\t<a class=\"elementor-button elementor-button-link elementor-size-sm\" href=\"https:\/\/kominstal.cz\/domains\/kominstal.cz\/oplechovani-kominu\/\">\n\t\t\t\t\t\t<span class=\"elementor-button-content-wrapper\">\n\t\t\t\t\t\t\t\t\t<span class=\"elementor-button-text\">Oplechov\u00e1n\u00ed kom\u00edn\u016f <\/span>\n\t\t\t\t\t<\/span>\n\t\t\t\t\t<\/a>\n\t\t\t\t\t\t\t\t<\/div>\n\t\t\t\t<\/div>\n\t\t<div class=\"elementor-element elementor-element-b3edc78 e-con-full e-flex e-con e-child\" data-id=\"b3edc78\" data-element_type=\"container\" data-e-type=\"container\" data-settings=\"{&quot;background_background&quot;:&quot;classic&quot;}\">\n\t\t\t\t<div class=\"elementor-element elementor-element-7d37da3 elementor-align-justify elementor-widget elementor-widget-button\" data-id=\"7d37da3\" data-element_type=\"widget\" data-e-type=\"widget\" data-widget_type=\"button.default\">\n\t\t\t\t\t\t\t\t\t\t<a class=\"elementor-button elementor-button-link elementor-size-sm\" href=\"https:\/\/kominstal.cz\/domains\/kominstal.cz\/kominy-pro-prumyslove-objekty\/\">\n\t\t\t\t\t\t<span class=\"elementor-button-content-wrapper\">\n\t\t\t\t\t\t\t\t\t<span class=\"elementor-button-text\">Kom\u00edny pro pr\u016fmyslov\u00e9 objekty<\/span>\n\t\t\t\t\t<\/span>\n\t\t\t\t\t<\/a>\n\t\t\t\t\t\t\t\t<\/div>\n\t\t\t\t<\/div>\n\t\t<div class=\"elementor-element elementor-element-6a037edf e-con-full e-flex e-con e-child\" data-id=\"6a037edf\" data-element_type=\"container\" data-e-type=\"container\" data-settings=\"{&quot;background_background&quot;:&quot;classic&quot;}\">\n\t\t\t\t<div class=\"elementor-element elementor-element-522fdcdf elementor-align-justify elementor-widget elementor-widget-button\" data-id=\"522fdcdf\" data-element_type=\"widget\" data-e-type=\"widget\" data-widget_type=\"button.default\">\n\t\t\t\t\t\t\t\t\t\t<a class=\"elementor-button elementor-button-link elementor-size-sm\" href=\"https:\/\/kominstal.cz\/domains\/kominstal.cz\/strojni-cisteni\/\">\n\t\t\t\t\t\t<span class=\"elementor-button-content-wrapper\">\n\t\t\t\t\t\t\t\t\t<span class=\"elementor-button-text\">Strojn\u00ed \u010di\u0161t\u011bn\u00ed<\/span>\n\t\t\t\t\t<\/span>\n\t\t\t\t\t<\/a>\n\t\t\t\t\t\t\t\t<\/div>\n\t\t\t\t<\/div>\n\t\t<div class=\"elementor-element elementor-element-0fe68cb e-con-full e-flex e-con e-child\" data-id=\"0fe68cb\" data-element_type=\"container\" data-e-type=\"container\" data-settings=\"{&quot;background_background&quot;:&quot;classic&quot;}\">\n\t\t\t\t<div class=\"elementor-element elementor-element-5d4ef2a elementor-align-justify elementor-widget elementor-widget-button\" data-id=\"5d4ef2a\" data-element_type=\"widget\" data-e-type=\"widget\" data-widget_type=\"button.default\">\n\t\t\t\t\t\t\t\t\t\t<a class=\"elementor-button elementor-button-link elementor-size-sm\" href=\"https:\/\/kominstal.cz\/domains\/kominstal.cz\/prostupy\/\">\n\t\t\t\t\t\t<span class=\"elementor-button-content-wrapper\">\n\t\t\t\t\t\t\t\t\t<span class=\"elementor-button-text\">Prostupy<\/span>\n\t\t\t\t\t<\/span>\n\t\t\t\t\t<\/a>\n\t\t\t\t\t\t\t\t<\/div>\n\t\t\t\t<\/div>\n\t\t<div class=\"elementor-element elementor-element-38b455ac e-con-full e-flex e-con e-child\" data-id=\"38b455ac\" data-element_type=\"container\" data-e-type=\"container\" data-settings=\"{&quot;background_background&quot;:&quot;classic&quot;}\">\n\t\t\t\t<div class=\"elementor-element elementor-element-70a6e432 elementor-align-justify elementor-widget elementor-widget-button\" data-id=\"70a6e432\" data-element_type=\"widget\" data-e-type=\"widget\" data-widget_type=\"button.default\">\n\t\t\t\t\t\t\t\t\t\t<a class=\"elementor-button elementor-button-link elementor-size-sm\" href=\"https:\/\/kominstal.cz\/domains\/kominstal.cz\/kominove-strisky\/\">\n\t\t\t\t\t\t<span class=\"elementor-button-content-wrapper\">\n\t\t\t\t\t\t\t\t\t<span class=\"elementor-button-text\">Kom\u00ednov\u00e9 st\u0159\u00ed\u0161ky<\/span>\n\t\t\t\t\t<\/span>\n\t\t\t\t\t<\/a>\n\t\t\t\t\t\t\t\t<\/div>\n\t\t\t\t<\/div>\n\t\t<div class=\"elementor-element elementor-element-4e1f7728 e-con-full e-flex e-con e-child\" data-id=\"4e1f7728\" data-element_type=\"container\" data-e-type=\"container\" data-settings=\"{&quot;background_background&quot;:&quot;classic&quot;}\">\n\t\t\t\t<div class=\"elementor-element elementor-element-21a1109f elementor-align-justify elementor-widget elementor-widget-button\" data-id=\"21a1109f\" data-element_type=\"widget\" data-e-type=\"widget\" data-widget_type=\"button.default\">\n\t\t\t\t\t\t\t\t\t\t<a class=\"elementor-button elementor-button-link elementor-size-sm\" href=\"https:\/\/kominstal.cz\/domains\/kominstal.cz\/kontroly-a-revizni-spravy-spalinovych-cest\/\">\n\t\t\t\t\t\t<span class=\"elementor-button-content-wrapper\">\n\t\t\t\t\t\t\t\t\t<span class=\"elementor-button-text\">Kontrola a revize spalinov\u00fdch cest<\/span>\n\t\t\t\t\t<\/span>\n\t\t\t\t\t<\/a>\n\t\t\t\t\t\t\t\t<\/div>\n\t\t\t\t<\/div>\n\t\t<div class=\"elementor-element elementor-element-7a27fcd0 e-con-full e-flex e-con e-child\" data-id=\"7a27fcd0\" data-element_type=\"container\" data-e-type=\"container\" data-settings=\"{&quot;background_background&quot;:&quot;classic&quot;}\">\n\t\t\t\t<div class=\"elementor-element elementor-element-37f10f1 elementor-align-justify elementor-widget elementor-widget-button\" data-id=\"37f10f1\" data-element_type=\"widget\" data-e-type=\"widget\" data-widget_type=\"button.default\">\n\t\t\t\t\t\t\t\t\t\t<a class=\"elementor-button elementor-button-link elementor-size-sm\" href=\"https:\/\/kominstal.cz\/domains\/kominstal.cz\/jadrove-vrtani\/\">\n\t\t\t\t\t\t<span class=\"elementor-button-content-wrapper\">\n\t\t\t\t\t\t\t\t\t<span class=\"elementor-button-text\">J\u00e1drov\u00e9 vrt\u00e1n\u00ed<\/span>\n\t\t\t\t\t<\/span>\n\t\t\t\t\t<\/a>\n\t\t\t\t\t\t\t\t<\/div>\n\t\t\t\t<\/div>\n\t\t<div class=\"elementor-element elementor-element-1ab115a e-con-full e-flex e-con e-child\" data-id=\"1ab115a\" data-element_type=\"container\" data-e-type=\"container\" data-settings=\"{&quot;background_background&quot;:&quot;classic&quot;}\">\n\t\t\t\t<div class=\"elementor-element elementor-element-66ea38f9 elementor-align-justify elementor-widget elementor-widget-button\" data-id=\"66ea38f9\" data-element_type=\"widget\" data-e-type=\"widget\" data-widget_type=\"button.default\">\n\t\t\t\t\t\t\t\t\t\t<a class=\"elementor-button elementor-button-link elementor-size-sm\" href=\"https:\/\/kominstal.cz\/domains\/kominstal.cz\/klempirske-a-zamecnicka-dilna\/\">\n\t\t\t\t\t\t<span class=\"elementor-button-content-wrapper\">\n\t\t\t\t\t\t\t\t\t<span class=\"elementor-button-text\">Klemp\u00ed\u0159sk\u00e9 pr\u00e1ce <\/span>\n\t\t\t\t\t<\/span>\n\t\t\t\t\t<\/a>\n\t\t\t\t\t\t\t\t<\/div>\n\t\t\t\t<\/div>\n\t\t\t\t<\/div>\n\t\t<div class=\"elementor-element elementor-element-75025f15 e-con-full e-flex e-con e-child\" data-id=\"75025f15\" data-element_type=\"container\" data-e-type=\"container\" data-settings=\"{&quot;background_background&quot;:&quot;classic&quot;}\">\n\t\t<div class=\"elementor-element elementor-element-708ea099 e-con-full e-flex e-con e-child\" data-id=\"708ea099\" data-element_type=\"container\" data-e-type=\"container\">\n\t\t\t\t<div class=\"elementor-element elementor-element-6dfa27ef elementor-widget elementor-widget-heading\" data-id=\"6dfa27ef\" data-element_type=\"widget\" data-e-type=\"widget\" data-widget_type=\"heading.default\">\n\t\t\t\t\t<h2 class=\"elementor-heading-title elementor-size-default\">Prostupy<\/h2>\t\t\t\t<\/div>\n\t\t\t\t<\/div>\n\t\t<div class=\"elementor-element elementor-element-74d7d7ad e-con-full e-flex e-con e-child\" data-id=\"74d7d7ad\" data-element_type=\"container\" data-e-type=\"container\">\n\t\t\t\t<div class=\"elementor-element elementor-element-11d2b826 elementor-widget elementor-widget-text-editor\" data-id=\"11d2b826\" data-element_type=\"widget\" data-e-type=\"widget\" data-widget_type=\"text-editor.default\">\n\t\t\t\t\t\t\t\t\t<p>Prostupy pro syst\u00e9mov\u00e9 kom\u00edny lep\u00edme vakaflexov\u00fdm p\u00e1sem s Al m\u0159\u00ed\u017ekou.<\/p>\t\t\t\t\t\t\t\t<\/div>\n\t\t\t\t<\/div>\n\t\t\t\t<\/div>\n\t\t\t\t<\/div>\n\t\t<div class=\"elementor-element elementor-element-662c2974 e-con-full e-flex e-con e-parent\" data-id=\"662c2974\" data-element_type=\"container\" data-e-type=\"container\" id=\"next\" data-settings=\"{&quot;background_background&quot;:&quot;classic&quot;}\">\n\t\t<div class=\"elementor-element elementor-element-d785f9f e-con-full e-flex e-con e-child\" data-id=\"d785f9f\" data-element_type=\"container\" data-e-type=\"container\" data-settings=\"{&quot;background_background&quot;:&quot;classic&quot;}\">\n\t\t<div class=\"elementor-element elementor-element-78451589 e-con-full e-flex e-con e-child\" data-id=\"78451589\" data-element_type=\"container\" data-e-type=\"container\">\n\t\t\t\t<div class=\"elementor-element elementor-element-41603a47 elementor-widget elementor-widget-text-editor\" data-id=\"41603a47\" data-element_type=\"widget\" data-e-type=\"widget\" data-widget_type=\"text-editor.default\">\n\t\t\t\t\t\t\t\t\t<p class=\"et_pb_module_heading\">Pot\u0159ebujete poradit?<\/p>\t\t\t\t\t\t\t\t<\/div>\n\t\t\t\t<\/div>\n\t\t<div class=\"elementor-element elementor-element-1c9bdcdd e-con-full e-flex e-con e-child\" data-id=\"1c9bdcdd\" data-element_type=\"container\" data-e-type=\"container\">\n\t\t\t\t<div class=\"elementor-element elementor-element-31ad7457 elementor-widget elementor-widget-button\" data-id=\"31ad7457\" data-element_type=\"widget\" data-e-type=\"widget\" data-widget_type=\"button.default\">\n\t\t\t\t\t\t\t\t\t\t<a class=\"elementor-button elementor-button-link elementor-size-sm\" href=\"https:\/\/kominstal.cz\/domains\/kominstal.cz\/#kontakt\">\n\t\t\t\t\t\t<span class=\"elementor-button-content-wrapper\">\n\t\t\t\t\t\t\t\t\t<span class=\"elementor-button-text\">Kontaktujte n\u00e1s<\/span>\n\t\t\t\t\t<\/span>\n\t\t\t\t\t<\/a>\n\t\t\t\t\t\t\t\t<\/div>\n\t\t\t\t<\/div>\n\t\t\t\t<\/div>\n\t\t\t\t<\/div>\n\t\t<div class=\"elementor-element elementor-element-5a090496 e-flex e-con-boxed e-con e-parent\" data-id=\"5a090496\" data-element_type=\"container\" data-e-type=\"container\" data-settings=\"{&quot;background_background&quot;:&quot;classic&quot;}\">\n\t\t\t\t\t<div class=\"e-con-inner\">\n\t\t<div class=\"elementor-element elementor-element-65ee584c e-con-full e-flex e-con e-child\" data-id=\"65ee584c\" data-element_type=\"container\" data-e-type=\"container\">\n\t\t<div class=\"elementor-element elementor-element-10a4c976 e-con-full e-flex e-con e-child\" data-id=\"10a4c976\" data-element_type=\"container\" data-e-type=\"container\">\n\t\t\t\t<div class=\"elementor-element elementor-element-4de321ad elementor-widget elementor-widget-heading\" data-id=\"4de321ad\" data-element_type=\"widget\" data-e-type=\"widget\" data-widget_type=\"heading.default\">\n\t\t\t\t\t<h2 class=\"elementor-heading-title elementor-size-default\">Prostupy<\/h2>\t\t\t\t<\/div>\n\t\t\t\t<\/div>\n\t\t\t\t<\/div>\n\t\t<div class=\"elementor-element elementor-element-2fefa893 e-con-full e-flex e-con e-child\" data-id=\"2fefa893\" data-element_type=\"container\" data-e-type=\"container\">\n\t\t<div class=\"elementor-element elementor-element-272765a7 e-con-full e-flex e-con e-child\" data-id=\"272765a7\" data-element_type=\"container\" data-e-type=\"container\">\n\t\t\t\t<div class=\"elementor-element elementor-element-191e0f6c elementor-widget elementor-widget-text-editor\" data-id=\"191e0f6c\" data-element_type=\"widget\" data-e-type=\"widget\" data-widget_type=\"text-editor.default\">\n\t\t\t\t\t\t\t\t\t<p>1 )<\/p>\t\t\t\t\t\t\t\t<\/div>\n\t\t\t\t<div class=\"elementor-element elementor-element-2e0ef683 elementor-widget elementor-widget-heading\" data-id=\"2e0ef683\" data-element_type=\"widget\" data-e-type=\"widget\" data-widget_type=\"heading.default\">\n\t\t\t\t\t<h2 class=\"elementor-heading-title elementor-size-default\">Prostupy st\u0159echou<\/h2>\t\t\t\t<\/div>\n\t\t\t\t<\/div>\n\t\t<div class=\"elementor-element elementor-element-58afc3b5 e-con-full e-flex e-con e-child\" data-id=\"58afc3b5\" data-element_type=\"container\" data-e-type=\"container\">\n\t\t\t\t<div class=\"elementor-element elementor-element-6256755c elementor-widget elementor-widget-text-editor\" data-id=\"6256755c\" data-element_type=\"widget\" data-e-type=\"widget\" data-widget_type=\"text-editor.default\">\n\t\t\t\t\t\t\t\t\t<div>Prostupy pro syst\u00e9mov\u00e9 kom\u00edny lep\u00edme vakaflexov\u00fdm p\u00e1sem s Al m\u0159\u00ed\u017ekou. T\u00edmto je dosa\u017eeno ide\u00e1ln\u00edho zat\u011bsn\u011bn\u00ed. Vakaflex zkop\u00edruje a dokonale p\u0159ilne na v\u011bt\u0161inu druh\u016f krytin. Na gumov\u00e9, ethernitov\u00e9 a b\u0159idlicov\u00e9 st\u0159echy pou\u017e\u00edv\u00e1me celoplechov\u00e9 prostupy.\u00a0<\/div><div>\u0158e\u0161\u00edme parot\u011bsn\u00e9 prostupy a dopojen\u00ed kom\u00edn\u016f na paroz\u00e1branu. Pou\u017e\u00edv\u00e1me hott schott man\u017eety s lepen\u00edm.\u00a0 Vhodn\u00e9 na pr\u016fm\u011bry kom\u00ednu od DN80 do DN320.Mo\u017eno pou\u017e\u00edt na rovn\u00e9 i \u0161ikm\u00e9 st\u0159echy.\u00a0<\/div>\t\t\t\t\t\t\t\t<\/div>\n\t\t\t\t<\/div>\n\t\t\t\t<\/div>\n\t\t<div class=\"elementor-element elementor-element-219f6a74 e-con-full e-flex e-con e-child\" data-id=\"219f6a74\" data-element_type=\"container\" data-e-type=\"container\">\n\t\t<div class=\"elementor-element elementor-element-158df3ed e-con-full e-flex e-con e-child\" data-id=\"158df3ed\" data-element_type=\"container\" data-e-type=\"container\">\n\t\t\t\t<div class=\"elementor-element elementor-element-23d94ca2 elementor-widget elementor-widget-text-editor\" data-id=\"23d94ca2\" data-element_type=\"widget\" data-e-type=\"widget\" data-widget_type=\"text-editor.default\">\n\t\t\t\t\t\t\t\t\t<p>2 )<\/p>\t\t\t\t\t\t\t\t<\/div>\n\t\t\t\t<div class=\"elementor-element elementor-element-eaf480b elementor-widget elementor-widget-heading\" data-id=\"eaf480b\" data-element_type=\"widget\" data-e-type=\"widget\" data-widget_type=\"heading.default\">\n\t\t\t\t\t<h2 class=\"elementor-heading-title elementor-size-default\">Prostupy stropem<\/h2>\t\t\t\t<\/div>\n\t\t\t\t<\/div>\n\t\t<div class=\"elementor-element elementor-element-340e04a7 e-con-full e-flex e-con e-child\" data-id=\"340e04a7\" data-element_type=\"container\" data-e-type=\"container\">\n\t\t\t\t<div class=\"elementor-element elementor-element-734fc92e elementor-widget elementor-widget-text-editor\" data-id=\"734fc92e\" data-element_type=\"widget\" data-e-type=\"widget\" data-widget_type=\"text-editor.default\">\n\t\t\t\t\t\t\t\t\t<p>Pro prostupy stropy dod\u00e1v\u00e1me vermikulitov\u00e9 a p\u011bnosklov\u00e9 protipo\u017e\u00e1rn\u00ed pr\u016fchodky z vermikulitu. Vermikulit je obj\u00edm\u00e1 kom\u00ednov\u00fd syst\u00e9m a je vsazen do p\u0159edem vy\u0159ezan\u00e9ho otvoru ve stropn\u00ed konstrukci kde v kombinaci s dal\u0161\u00edm izola\u010dn\u00edm materi\u00e1lem dodr\u017euje pot\u0159ebn\u00fd normovan\u00fd odstup kom\u00ednov\u00e9ho pl\u00e1\u0161t\u011b od p\u0159ilehl\u00fdch ho\u0159lav\u00fdch konstrukc\u00ed. Je ho mo\u017en\u00e9 pou\u017e\u00edt ve st\u011bn\u00e1ch, stropech a p\u0159i pr\u016fchodu st\u0159echou.\u00a0<\/p>\t\t\t\t\t\t\t\t<\/div>\n\t\t\t\t<\/div>\n\t\t\t\t<\/div>\n\t\t\t\t\t<\/div>\n\t\t\t\t<\/div>\n\t\t\t\t<\/div>\n\t\t","protected":false},"excerpt":{"rendered":"<p>Fr\u00e9zov\u00e1n\u00ed kom\u00edn\u016f Vlo\u017ekov\u00e1n\u00ed kom\u00edn\u016f Nerezov\u00e9 fas\u00e1dn\u00ed kom\u00edny Nerezov\u00e9 vnit\u0159n\u00ed kom\u00edny Svisl\u00e9 kou\u0159ovody s funkc\u00ed kom\u00edna Odkou\u0159en\u00ed pro kondeza\u010dn\u00ed kotle Kom\u00ednov\u00e9 n\u00e1stavce Kou\u0159ovody Oplechov\u00e1n\u00ed kom\u00edn\u016f Kom\u00edny pro pr\u016fmyslov\u00e9 objekty Strojn\u00ed \u010di\u0161t\u011bn\u00ed Prostupy Kom\u00ednov\u00e9 st\u0159\u00ed\u0161ky Kontrola a revize spalinov\u00fdch cest J\u00e1drov\u00e9 vrt\u00e1n\u00ed Klemp\u00ed\u0159sk\u00e9 pr\u00e1ce Prostupy Prostupy pro syst\u00e9mov\u00e9 kom\u00edny lep\u00edme vakaflexov\u00fdm p\u00e1sem s Al m\u0159\u00ed\u017ekou. Pot\u0159ebujete poradit? [&hellip;]<\/p>\n","protected":false},"author":1,"featured_media":0,"parent":0,"menu_order":0,"comment_status":"closed","ping_status":"closed","template":"","meta":{"footnotes":""},"class_list":["post-2703","page","type-page","status-publish","hentry"],"_links":{"self":[{"href":"https:\/\/kominstal.cz\/domains\/kominstal.cz\/wp-json\/wp\/v2\/pages\/2703","targetHints":{"allow":["GET"]}}],"collection":[{"href":"https:\/\/kominstal.cz\/domains\/kominstal.cz\/wp-json\/wp\/v2\/pages"}],"about":[{"href":"https:\/\/kominstal.cz\/domains\/kominstal.cz\/wp-json\/wp\/v2\/types\/page"}],"author":[{"embeddable":true,"href":"https:\/\/kominstal.cz\/domains\/kominstal.cz\/wp-json\/wp\/v2\/users\/1"}],"replies":[{"embeddable":true,"href":"https:\/\/kominstal.cz\/domains\/kominstal.cz\/wp-json\/wp\/v2\/comments?post=2703"}],"version-history":[{"count":20,"href":"https:\/\/kominstal.cz\/domains\/kominstal.cz\/wp-json\/wp\/v2\/pages\/2703\/revisions"}],"predecessor-version":[{"id":3070,"href":"https:\/\/kominstal.cz\/domains\/kominstal.cz\/wp-json\/wp\/v2\/pages\/2703\/revisions\/3070"}],"wp:attachment":[{"href":"https:\/\/kominstal.cz\/domains\/kominstal.cz\/wp-json\/wp\/v2\/media?parent=2703"}],"curies":[{"name":"wp","href":"https:\/\/api.w.org\/{rel}","templated":true}]}}